{"id":15490,"date":"2026-09-03T10:44:12","date_gmt":"2026-09-03T07:44:12","guid":{"rendered":"https:\/\/stuudiomoobel.ee\/?post_type=product&#038;p=15490"},"modified":"2026-09-03T10:55:58","modified_gmt":"2026-09-03T07:55:58","slug":"aseta-lor-oliivi-3m-kopeeri-2","status":"publish","type":"product","link":"https:\/\/stuudiomoobel.ee\/fi\/pood\/keittiot\/keittion-kaapistojen-valinta\/lor-valkoinen-harmaa-beige-oliivi\/aseta-lor-oliivi-3m-kopeeri-2\/","title":{"rendered":"LOR-sarja, beige, 2 m"},"content":{"rendered":"","protected":false},"excerpt":{"rendered":"<p><strong><u>Alin osa vasemmalta:  <\/u><\/strong><\/p>\n<p>30 cm:n kaappi,<\/p>\n<p>20 cm:n ulosvedett\u00e4v\u00e4ll\u00e4 metallihyllyll\u00e4 varustettu s\u00e4ilytyskaappi,<\/p>\n<p>60 cm:n laatikosto, jossa on kolme hiljaisesti sulkeutuvaa laatikkoa,<\/p>\n<p>60 cm:n pesuallaskaappi,<\/p>\n<p>30 cm:n kaappi.<\/p>\n<p>Kaapin korkeus 82 cm (syvyys 54 cm, lukuun ottamatta integroituja teknisi\u00e4 kaappeja), lis\u00e4ksi ty\u00f6taso 3,8 cm (syvyys 60 cm). LOR-malliin sis\u00e4ltyy perushylly jokaista kaappia varten.<\/p>\n<p><strong><u>Yl\u00e4osa vasemmalta:  <\/u><\/strong><\/p>\n<p>50 cm:n kaappi,<\/p>\n<p>60 cm:n kaappi,<\/p>\n<p>60 cm:n kaappi,<\/p>\n<p>30 cm:n kaappi.<\/p>\n<p>Kaapin korkeus 72 cm (yl\u00e4kaapit ovat my\u00f6s 94 cm korkeita).<\/p>\n<p>Laatikot ja saranat sulkeutuvat hiljaisesti.<\/p>\n<p>V\u00e4rivalikoima: valkoinen, beige, harmaa, oliivi.<\/p>\n<p>Ty\u00f6tason vaihtoehdot: https:\/\/stuudiomoobel.ee\/tootekategooria\/koogid\/koogitasapinnad\/<\/p>\n<p>Kaapien j\u00e4rjestyst\u00e4 voidaan muuttaa.<\/p>\n<p>Hinta ei sis\u00e4ll\u00e4 hanaa, sekoitinta eik\u00e4 pesuallasta.<\/p>\n","protected":false},"featured_media":15506,"comment_status":"closed","ping_status":"closed","template":"","meta":[],"product_cat":[356,352],"product_tag":[],"class_list":["post-15490","product","type-product","status-publish","has-post-thumbnail","product_cat-keittiokalustesetit","product_cat-lor-valkoinen-harmaa-beige-oliivi","first","instock","taxable","shipping-taxable","purchasable","product-type-simple"],"_links":{"self":[{"href":"https:\/\/stuudiomoobel.ee\/fi\/wp-json\/wp\/v2\/product\/15490","targetHints":{"allow":["GET"]}}],"collection":[{"href":"https:\/\/stuudiomoobel.ee\/fi\/wp-json\/wp\/v2\/product"}],"about":[{"href":"https:\/\/stuudiomoobel.ee\/fi\/wp-json\/wp\/v2\/types\/product"}],"replies":[{"embeddable":true,"href":"https:\/\/stuudiomoobel.ee\/fi\/wp-json\/wp\/v2\/comments?post=15490"}],"wp:featuredmedia":[{"embeddable":true,"href":"https:\/\/stuudiomoobel.ee\/fi\/wp-json\/wp\/v2\/media\/15506"}],"wp:attachment":[{"href":"https:\/\/stuudiomoobel.ee\/fi\/wp-json\/wp\/v2\/media?parent=15490"}],"wp:term":[{"taxonomy":"product_cat","embeddable":true,"href":"https:\/\/stuudiomoobel.ee\/fi\/wp-json\/wp\/v2\/product_cat?post=15490"},{"taxonomy":"product_tag","embeddable":true,"href":"https:\/\/stuudiomoobel.ee\/fi\/wp-json\/wp\/v2\/product_tag?post=15490"}],"curies":[{"name":"wp","href":"https:\/\/api.w.org\/{rel}","templated":true}]}}

<p><strong><u>Alin osa vasemmalta:  </u></strong></p>
<p>30 cm:n kaappi,</p>
<p>20 cm:n ulosvedettävällä metallihyllyllä varustettu säilytyskaappi,</p>
<p>60 cm:n laatikosto, jossa on kolme hiljaisesti sulkeutuvaa laatikkoa,</p>
<p>60 cm:n pesuallaskaappi,</p>
<p>30 cm:n kaappi.</p>
<p>Kaapin korkeus 82 cm (syvyys 54 cm, lukuun ottamatta integroituja teknisiä kaappeja), lisäksi työtaso 3,8 cm (syvyys 60 cm). LOR-malliin sisältyy perushylly jokaista kaappia varten.</p>
<p><strong><u>Yläosa vasemmalta:  </u></strong></p>
<p>50 cm:n kaappi,</p>
<p>60 cm:n kaappi,</p>
<p>60 cm:n kaappi,</p>
<p>30 cm:n kaappi.</p>
<p>Kaapin korkeus 72 cm (yläkaapit ovat myös 94 cm korkeita).</p>
<p>Laatikot ja saranat sulkeutuvat hiljaisesti.</p>
<p>Värivalikoima: valkoinen, beige, harmaa, oliivi.</p>
<p>Työtason vaihtoehdot: https://stuudiomoobel.ee/tootekategooria/koogid/koogitasapinnad/</p>
<p>Kaapien järjestystä voidaan muuttaa.</p>
<p>Hinta ei sisällä hanaa, sekoitinta eikä pesuallasta.</p>
